 the remainder when m is divided by 15.
6
Let i = 49 + -29. Suppose 0 = 3*n + q - 720, 4*q = -n + 157 + 105. What is the remainder when n is divided by i?
18
Let c(j) = -11*j**2 + 26*j - 12. Let d(u) = -10*u**2 + 27*u - 12. Let z(t) = 2*c(t) - 3*d(t). What is the remainder when z(-4) is divided by 124?
8
Let q be (-3 - -2)*(-54)/2. Suppose -26*c = -q*c + 159. Calculate the remainder when c is divided by 40.
39
Suppose 5*h + 10 = 0, 0 = -5*k - 10*h + 12*h + 14. Suppose -k*p + 40 + 39 = -5*s, 4*s = 2*p - 78. Calculate the remainder when 144 is divided by p.
33
Let j = -1644 - -1711. Suppose 0*y + 4*y - 2*p = 56, 14 = y - p. What is the remainder when j is divided by y?
11
Suppose -63 = -5*r - 48. Suppose -r*f = b - 40, 0*f = f - 4*b - 22. Calculate the remainder when 207 is divided by f.
11
Let r = 32 + -28. Suppose -w - 1001 = -6*w + r*o, 5*w - 3*o - 1002 = 0. Suppose -3*x = -3*s - w, -s + 3 = -0*s. What is the remainder when x is divided by 18?
16
Suppose 4*y - 21 = -37. Calculate the remainder when 39 is divided by (-3458)/(-171) - y/(-18).
19
Let u = 7524 - 7512. What is the remainder when 811 is divided by u?
7
Suppose 4867 = -33022*o + 33053*o. What is the remainder when 311 is divided by o?
154
Let r = -8575 - -8599. Calculate the remainder when 757 is divided by r.
13
Suppose 3*o - 5*c - 2124 - 497 = 0, o - c = 873. Calculate the remainder when o is divided by 233.
173
Let i(j) = 4*j**2 - 1. Let m be 0/(1*(-1 + 0)). Suppose m = 2*w - 14 + 8. Calculate the remainder when w is divided by i(1).
0
Let h(d) = -d**3 - 31*d**2 - 55*d + 92. Let k be h(-29). Suppose k*w + c + 258 = 7*w, 3*c - 369 = -3*w. What is the remainder when w is divided by 34?
25
Suppose -10*y - 2*p = -6*y - 24, 5*p - 20 = 0. Suppose 555 = y*r + 5*u - 53, -3*u = -5*r + 797. Calculate the remainder when r is divided by 30.
7
Let y(s) = 2*s**2 - 14*s - 23. What is the remainder when 1102 is divided by y(11)?
62
Suppose -19*m + 3293 - 59 = 3*m. What is the remainder when 157 is divided by m?
10
Let p = 4738 - 3145. What is the remainder when p is divided by 21?
18
What is the remainder when (20 - 15)/((-10)/(-1336)) is divided by 48?
44
Let u be 3*(6 + 128/(-24)). Suppose 3*z = 5*f - 46 - 139, 5*z - 43 = -u*f. What is the remainder when ((-50)/6)/((-4)/48) is divided by f?
32
Let u(o) = 6*o**2 + o + 5. Suppose -36*m - 68*m + 32*m = -648. What is the remainder when u(3) is divided by m?
8
Let i(h) = h**3 - 10*h**2 - 40*h + 12. Let t be i(13). Calculate the remainder when ((-40)/60)/((t/30)/1) is divided by 14.
6
Suppose -2*t - y = -103, -3*t - 2*y + 70 + 83 = 0. Let h = t + -34. Suppose -4*n + h = -25. Calculate the remainder when 28 is divided by n.
6
Suppose 0 = -4*a + 5*d + 407, -4*a = -2*a - 2*d - 206. Suppose 2*v = -v + a. Let g = -281 - -301. Calculate the remainder when v is divided by g.
16
Let r = -155 + 159. Let y(p) = 19*p + 12. What is the remainder when y(r) is divided by 18?
16
Suppose -a - 27 + 76 = -5*r, -r = -1. Suppose 8*o - 14*o = -a. What is the remainder when 22 is divided by o?
4
Suppose -4*r - 30*v = -35*v - 1191, v = -7*r + 2133. Calculate the remainder when r is divided by 53.
39
Suppose -4*v = 2*w - 777 - 1021, -5*w + 1801 = 4*v. Calculate the remainder when v is divided by 5.
4
Let h(j) = 72*j + 687. Let l(r) = 2*r**3 - 5*r + 3. Let b be l(3). Suppose -2*v + 0*v + b = 0. What is the remainder when h(-9) is divided by v?
18
Suppose -3 = j, 4*j - 9*j = -4*u + 1355. What is the remainder when u is divided by 129?
77
Suppose 22*x = 103*x + 70146. Let q = -853 - x. Let k = 3 + 5. Calculate the remainder when q is divided by k.
5
Let t(x) = -1225*x - 12081. What is the remainder when t(-10) is divided by 49?
22
Let v(b) = -1 + 24*b - 25*b + b**2 + 5 + 25*b**3 - 3. What is the remainder when v(1) is divided by 16?
10
Let f = 749 + -336. Suppose 200*v + 3*v - 20176 = -47*v - 138*v. What is the remainder when f is divided by v?
49
Calculate the remainder when 371 is divided by 14 - (-430)/3 - (-1)/(-3).
57
Suppose -5933 = -57*k - 59*k + 1027. What is the remainder when 525 is divided by k?
45
Let h = -20 + 59. Suppose -81 = -3*r + h. What is the remainder when r is divided by (2 - 4)*(-11 - -1)?
0
Suppose 4*b - q = 3779, 5*b + 19*q - 4714 = 17*q. Calculate the remainder when b is divided by 321.
302
Suppose 6*t = 54*t - 576. Calculate the remainder when (t - 3) + -1 + 290 is divided by 30.
28
Let w(i) = -i**3 - 6*i**2 + 5*i - 9. Let y = 33 + -38. What is the remainder when w(-7) is divided by -1 - (-126)/30 - 4/y?
1
Let d = -506 - -730. Let l = -129 + d. Calculate the remainder when l is divided by 49.
46
Let p(y) = -y**2 + y. Let x(v) = -8*v**2 + 32*v - 35. Let q(z) = 6*p(z) - x(z). What is the remainder when q(14) is divided by 22?
19
Let t(c) = -2*c**2 + 29*c - 6. Let d = -98 + 97. Let x be 6/4*10 + 1/d. What is the remainder when 15 is divided by t(x)?
7
Let z(h) = 755*h - 1305. Calculate the remainder when z(2) is divided by 116.
89
Suppose -4*o + 30 = 6*o. Suppose -o*q + 157 = 22. Calculate the remainder when q is divided by 14.
3
Let l be ((-7)/(-42)*2)/((-2)/(-1506)). Suppose 2*x - s - l = 4*s, 269 = 2*x + s. Calculate the remainder when x is divided by 28.
21
Suppose 4*i + 441 = 97. Let j = 74 + i. Calculate the remainder when 1/((j/(-94))/6) is divided by 10.
7
Let i = -538 - -1042. Suppose 19*l + 17*l - i = 0. Let n(q) = -q**3 - 6*q**2 + 3. What is the remainder when n(-7) is divided by l?
10
Suppose -9*t + 13*t - 5764 = 4*m, 0 = 4*t - 3*m - 5766. What is the remainder when t is divided by 76?
75
Let r(c) = 2*c**2 + 1631*c + 4894. Suppose 3*t - 28 = 167. Calculate the remainder when t is divided by r(-3).
8
Let r = 3 - -17. Suppose 0*n - 2*n + g = -5, -n + r = 3*g. Calculate the remainder when 9 is divided by ((-33)/(-15) + -3)/((-2)/n).
1
Let v(b) = 296*b + 1674. What is the remainder when v(-3) is divided by 366?
54
Let a = 201 + -171. Calculate the remainder when (135/25 + 0)*a is divided by 41.
39
Let u = -1 - -1. Suppose -333 = -3*v - l, u = -v + 3*l - 7*l + 100. Calculate the remainder when v is divided by 96/816 - 389/(-5 - 11 - 1).
20
Suppose -2128 = 26*u - 7588. Calculate the remainder when 516 is divided by u/63*(-111)/(-5).
72
Suppose -5*j - 15 = -5*x, j + 15 - 2 = 3*x. Suppose 255 = 5*s - x*q, 3*s - 231 = -s - 5*q. Let m = s - 41. Calculate the remainder when 24 is divided by m.
11
Let r(y) = y**2 + 18*y - 95. Suppose 216 + 44 = -10*g. What is the remainder when r(g) is divided by 29?
26
Let z be (-2 - 1153/7) + 6/(-21). Let n = 208 + z. What is the remainder when n is divided by 11?
8
Suppose -374*i + 369*i = -r - 391, 0 = -5*i + 3*r + 393. Calculate the remainder when 215 is divided by i.
59
Suppose 263 - 228 = 5*i. Suppose i*l - 287 = -5*u + 6*l, -3*u + 4*l + 163 = 0. Calculate the remainder when u is divided by 5.
2
Let b = 2256 + -1697. Calculate the remainder when b is divided by 140.
139
Let j(a) = -2*a**3 - 28*a**2 + 2*a + 33. Let l be j(-14). Suppose -1960 = -5*x - 5*n, -l*x = -4*n - 1294 - 621. Calculate the remainder when x is divided by 99.
90
Suppose 37*q = 39*q - 14. Let n = -94 - -92. Calculate the remainder when n*(-1 + (-7)/2) is divided by q.
2
Suppose 16*k = 6*k - 5270. Let s = -481 - k. What is the remainder when 122 is divided by s?
30
What is the remainder when 1474 is divided by 0 + 86 + 381/381?
82
Let q = 8581 - 8452. Calculate the remainder when 3351 is divided by q.
126
Calculate the remainder when 816 is divided by 515*(-3 + 2 - -3)*(-2)/(-20).
95
Let i = -2422 + 2803. What is the remainder when i is divided by 32?
29
Suppose -42*h - 90 - 288 = 0. What is the remainder when 12 is divided by h + 6 + 36/9?
0
What is the remainder when 303 is divided by 16/168 + ((-1027)/21)/(-1)?
9
Suppose -5*w = r - 17, -2*w + 19 = 5*r + w. Suppose 0 = r*z - 3 - 13. What is the remainder when 2 - 0 - (-63)/3 is divided by z?
7
Suppose -4*z + r = -508, 4*z = -r + 580 - 64. Calculate the remainder when z is divided by 62.
4
Suppose -7*l + 800 = -3*l. Let x = l + -101. What is the remainder when x is divided by 15?
9
Let l = 24 - 17. Suppose 10 = o + l. What is the remainder when 26 is divided by o?
2
Let q = -317 + 316. Calculate the remainder when (-9)/15*5 - (-213 - q) is divided by 35.
34
Suppose 0 = 4*z + f - 50 - 49, 2